me factors of 37945506?
2, 3, 89, 71059
What are the prime factors of 1051273211?
19, 55330169
What are the prime factors of 21012812?
2, 5253203
What are the prime factors of 7844239?
13, 29, 20807
List the prime factors of 42198480.
2, 3, 5, 29, 43, 47
List the prime factors of 18654339.
3, 11, 565283
List the prime factors of 68858092.
2, 17, 1012619
What are the prime factors of 651010052?
2, 7, 11, 2113669
What are the prime factors of 956644036?
2, 239161009
List the prime factors of 138327980.
2, 5, 7, 17, 19, 23
What are the prime factors of 50761833?
3, 47, 173, 2081
What are the prime factors of 3343655264?
2, 19, 1667, 3299
What are the prime factors of 94930424?
2, 67, 177109
List the prime factors of 91774012.
2, 11, 31, 61, 1103
List the prime factors of 2148254310.
2, 3, 5, 59, 557, 2179
List the prime factors of 1184471136.
2, 3, 53, 73, 1063
What are the prime factors of 5891339133?
3, 7703, 84979
List the prime factors of 35568448.
2, 311, 1787
List the prime factors of 43394969.
37, 53, 22129
What are the prime factors of 18516501?
3, 59, 34871
List the prime factors of 297340886.
2, 29, 5126567
List the prime factors of 9174592.
2, 7, 20479
List the prime factors of 226344753.
3, 659, 12721
What are the prime factors of 776259?
3, 11, 7841
What are the prime factors of 18536411?
1627, 11393
What are the prime factors of 201403504?
2, 12587719
List the prime factors of 110493867.
3, 11, 857, 3907
List the prime factors of 35915722.
2, 2957, 6073
List the prime factors of 162728876.
2, 71, 103, 5563
What are the prime factors of 202467668?
2, 13, 3893609
What are the prime factors of 133512316?
2, 7, 19, 250963
What are the prime factors of 44626834?
2, 7, 3187631
List the prime factors of 21867470.
2, 5, 2186747
What are the prime factors of 20192961?
3, 29, 232103
List the prime factors of 49113894.
2, 3, 8185649
List the prime factors of 123285642.
2, 3, 19, 97, 11149
What are the prime factors of 1037651759?
47, 797, 27701
List the prime factors of 19242732.
2, 3, 59, 27179
List the prime factors of 5969109385.
5, 23, 157, 330607
List the prime factors of 21376855.
5, 4275371
List the prime factors of 1590860297.
13, 23, 61, 87223
List the prime factors of 190989196.
2, 47747299
What are the prime factors of 1778211399?
3, 8999, 65867
List the prime factors of 37091311.
37091311
List the prime factors of 40565231.
7, 239, 24247
List the prime factors of 91244625.
3, 5, 31, 47, 167
List the prime factors of 127116941.
7, 37, 193, 2543
List the prime factors of 103052772.
2, 3, 2862577
What are the prime factors of 514288961?
163, 3155147
List the prime factors of 493558156.
2, 7, 13, 1129, 1201
What are the prime factors of 5080427477?
97, 373, 140417
List the prime factors of 28420410.
2, 3, 5, 23, 41189
What are the prime factors of 48937971?
3, 1607, 10151
List the prime factors of 3041101.
7, 193, 2251
What are the prime factors of 2872233678?
2, 3, 61, 7847633
What are the prime factors of 409005620?
2, 5, 20450281
List the prime factors of 301637365.
5, 997, 60509
What are the prime factors of 34346438?
2, 7, 41, 53, 1129
What are the prime factors of 261909413?
5381, 48673
List the prime factors of 4291027640.
2, 5, 19, 37, 152597
What are the prime factors of 94984975?
5, 113, 33623
List the prime factors of 628019821.
11, 13, 251, 17497
What are the prime factors of 1631961505?
5, 15991, 20411
What are the prime factors of 7668445155?
3, 5, 7, 151, 433, 1117
List the prime factors of 11921510.
2, 5, 1192151
What are the prime factors of 45680504?
2, 269, 21227
List the prime factors of 4076655704.
2, 11, 167, 457, 607
List the prime factors of 3805702.
2, 41, 46411
List the prime factors of 3672055191.
3, 7, 174859771
What are the prime factors of 278251731?
3, 30916859
What are the prime factors of 227378241?
3, 29, 871181
What are the prime factors of 291745221?
3, 97248407
What are the prime factors of 6588150?
2, 3, 5, 167, 263
What are the prime factors of 338582915?
5, 11, 197, 31249
What are the prime factors of 1305594274?
2, 701, 931237
What are the prime factors of 812834122?
2, 23, 73, 242059
List the prime factors of 154999258.
2, 29, 2672401
What are the prime factors of 117747074?
2, 23, 607, 4217
List the prime factors of 4400098329.
3, 11, 23, 47911
What are the prime factors of 1713443326?
2, 7, 401, 305209
List the prime factors of 3210592360.
2, 5, 241, 333049
What are the prime factors of 563875321?
53, 10639157
What are the prime factors of 588269709?
3, 2420863
List the prime factors of 331805.
5, 66361
What are the prime factors of 452887728?
2, 3, 113, 83497
What are the prime factors of 3033156746?
2, 31, 48921883
List the prime factors of 82286679.
3, 31, 884803
What are the prime factors of 1485949478?
2, 13, 57151903
List the prime factors of 68884476.
2, 3, 17, 337669
List the prime factors of 160906.
2, 43, 1871
List the prime factors of 40086166.
2, 20043083
List the prime factors of 21162585.
3, 5, 487, 2897
What are the prime factors of 2012869466?
2, 103, 9771211
What are the prime factors of 229915047?
3, 3323, 23063
What are the prime factors of 97325808?
2, 3, 53, 67, 571
List the prime factors of 8967920.
2, 5, 13, 8623
What are the prime factors of 6235186833?
3, 692798537
List the prime factors of 101533854.
2, 3, 16922309
List the prime factors of 889826213.
277, 11597
What are the prime factors of 6570909?
3, 243367
What are the prime factors of 11018336?
2, 7, 7027
What are the prime factors of 30003275?
5, 397, 3023
What are the prime factors of 353454562?
2, 37, 53, 90121
What are the prime factors of 86346499?
86346499
List the prime factors of 4884847169.
487, 10030487
List the prime factors of 56345164.
2, 827, 17033
List the prime factors of 190699428.
2, 3, 19, 181, 4621
List the prime factors of 568028807.
19, 1573487
What are the prime factors of 2129360583?
3, 7, 29, 3496487
What are the prime factors of 34169139?
3, 1873, 2027
List the prime factors of 5206155465.
3, 5, 7, 421, 117773
List the prime factors of 90787501.
7, 3533, 3671
What are the prime factors of 2367168300?
2, 3, 5, 7, 83, 503
What are the prime factors of 2290816869?
3, 11, 73, 277, 3433
List the prime factors of 136708643.
113, 1209811
What are the prime factors of 6066225437?
19, 1069, 298667
What are the prime factors of 105256738?
2, 1297, 40577
List the prime factors of 120005399.
120005399
What are the prime factors of 468155417?
151, 3100367
List the prime factors of 884929849.
17, 59, 51899
What are the prime factors of 9639551?
41, 235111
List the prime factors of 2443651482.
2, 3, 409, 995783
What are the prime factors of 4645530560?
2, 5, 11, 37, 53, 673
What are the prime factors of 636211834?
2, 47, 127, 137, 389
List the prime factors of 47979349.
11, 499, 8741
What are the prime factors of 156169266?
2, 3, 11, 179, 13219
List the prime factors of 58768728.
2, 3, 17, 37, 229
What are the prime factors of 1621127892?
2, 3, 2269, 59539
What are the prime factors of 4455654984?
2, 3, 11, 17, 59, 71, 79
List the prime factors of 38038892.
2, 9509723
What are the prime factors of 2008678829?
37, 163, 271, 1229
List the prime factors of 2107865521.
23, 91646327
List the prime factors of 1641024261.
3, 79, 2308051
List the prime factors of 3087620375.
5, 7, 43, 137, 599
What are the prime factors of 613504797?
3, 191, 1070689
What are the prime factors of 392881116?
2, 3, 32740093
What are the prime factors of 6856077203?
17, 3779, 106721
What are the prime factors of 64525911?
3, 31, 693827
What are the prime factors of 104721816?
2, 3, 4363409
What are the prime factors of 287304649?
1609, 178561
What are the prime factors of 2125823943?
3, 2393, 296117
List the prime factors of 1387755926.
2, 479, 499, 2903
What are the prime factors of 600379620?
2, 3, 5, 1129, 8863
What are the prime factors of 366642327?
3, 293, 417113
What are the prime factors of 1313543804?
2, 1759, 186689
What are the prime factors of 25743070?
2, 5, 727, 3541
What are the prime factors of 1135776402?
2, 3, 7789, 8101
List the prime factors of 215430232.
2, 787, 34217
List the prime factors of 848763712.
2, 1831, 7243
What are the prime factors of 371422542?
2, 3, 61903757
What are the prime factors of 7